= -19 + 26. Suppose -4*d - 2*i + 2 + 10 = 0, 0 = d - 2*i + 2. Let u(h) = 7*h**2 + 2 + d + 0*h**3 + h**3 + h - 2*h**3. What is u(p)?
11
Let v = -282 - -274. Let l = -13 - v. Let b(m) = -m**2 - 6*m - 11. What is b(l)?
-6
Let r(l) = l**3 - 11*l**2 - 44*l + 28. Let f(d) = -14*d - 42. Let q be f(-4). Let a be r(q). Let n(w) = w**3 + w**2 - 2*w. Calculate n(a).
0
Let v(f) = 2*f**3 - 17*f**2 + 29*f - 27. Let s(y) = -5*y**3 + 52*y**2 - 82*y + 82. Let w(q) = 3*s(q) + 8*v(q). Determine w(-21).
-117
Let y(i) = -10*i**3 + 10*i**2 - 54*i - 39. Let d(b) = 2*b**3 - 2*b**2 + 10*b + 7. Let l(z) = 11*d(z) + 2*y(z). Give l(1).
1
Let u(q) = 384 - q**3 + 426 - 8*q - 809 - 4*q**2. Calculate u(-4).
33
Let z(y) be the second derivative of -y**5/20 + 11*y**4/12 - 7*y**3/3 - 7*y**2/2 - 1776*y. Give z(9).
29
Let n(o) = -o - 14. Let u(p) = 118*p + 1666. Let d be u(-14). Calculate n(d).
-28
Let c(v) = v**2 - 2 + 3*v + 139*v**3 - 68*v**3 - 2*v**2 - 72*v**3 + 2*v**2. Calculate c(-3).
25
Let o(f) be the third derivative of 23*f**5/60 + f**3/3 + 5441*f**2. Give o(-1).
25
Let p(f) = -f**3 + 4*f**2 + 3*f - 3. Let a be p(4). Let c(h) be the second derivative of -h**4/12 + 7*h**3/6 - 3*h**2 - 2951*h. What is c(a)?
-24
Let q(c) = c**2 - 1. Let v(m) = -m**3 - m**2 + 3*m + 9. Let r(a) = -4*q(a) - v(a). Let i be (((-8)/20)/(-1))/(16/160). Determine r(i).
-1
Let z(u) = 13*u**3 - 25*u**2 + 6*u + 2. Let f(m) = -9*m**3 + 17*m**2 - 4*m - 2. Let k(a) = -7*f(a) - 5*z(a). What is k(4)?
-36
Let x be 3 - 1/(9/(-45)). Let v(o) be the first derivative of -o**2/2 + 5*o + 19. Calculate v(x).
-3
Let k be 2 - (-15)/(-10) - 255/(-6). Let p(i) = -i**3 - k + 85 + 6*i**2 - 47 + 7*i. Calculate p(7).
-5
Let a(p) = -28*p**2 - 82*p + 26. Let n(s) = -90*s**2 - 250*s + 77. Let v(b) = -7*a(b) + 2*n(b). Calculate v(-5).
2
Let w(o) be the second derivative of -o**4/12 - o**3/2 - 3*o**2 + 66*o. Let s be 0/15 + 8/(2*-1). Calculate w(s).
-10
Suppose -10*u - 7*u + 85 = 0. Let w(r) = -r - 7*r**2 + u*r**2 - 137 + 141. Calculate w(-3).
-11
Let m(z) be the third derivative of 3*z**2 - 1/24*z**4 - 17 + 0*z - 1/30*z**5 + 0*z**3. What is m(-1)?
-1
Let a(x) = x - 2. Let n(v) = -45 + 10 + 16 + 16 + 5*v. Let t(c) = -2*a(c) + n(c). What is t(-4)?
-11
Let f(t) = -t**3 - 14*t**2 + 14*t - 2. Let n be ((-220)/176)/((-1)/(-12)). Calculate f(n).
13
Let v(a) = -4*a**3 + 17*a**2 - 5*a + 10. Let m(l) = 5*l**3 - 25*l**2 + 5*l - 15. Let f(d) = -3*m(d) - 4*v(d). Calculate f(-6).
11
Let y be (27/90)/(6/(-8))*25. Let u(j) = -2*j - 20. Let x be u(y). Suppose -2*h + x*h = -6. Let b(q) = -q**3 + 2*q**2 + 5*q - 3. What is b(h)?
3
Let h(t) = -t**2 - 8*t + 26. Suppose 3*s - p = -30, -3*s - 19*p + 22*p - 24 = 0. Determine h(s).
-7
Let p = 8 + 0. Let t(v) = -v**2 + 6*v + 5. Let x be t(6). Let i(l) = -1 - 2 + 74*l - 72*l - x. Determine i(p).
8
Let l(d) = 5*d**3 + d**2 + 12*d + 5. Let o(h) = -h**3 - h**2 - h. Let q(r) = l(r) + 6*o(r). Suppose 0 = -22*i + 20*i + 266. Let v = i - 139. What is q(v)?
5
Let w(n) = 3*n**2 + 47*n - 69. Let z be w(-17). Let k(i) = 82*i**3 + 2*i + 1. What is k(z)?
-83
Let k(y) = 4*y + 28. Let v(c) = -43*c - 8 - 43*c + 85*c. Let q(z) = 6*k(z) + 21*v(z). Calculate q(7).
21
Let c(m) = -2*m - 2. Let g be (-7)/(-7)*3 + -1. Suppose -g*y = 27 - 31. Determine c(y).
-6
Suppose 4*c = -b + 398, -5*c + b + 504 = -b. Let u(a) = 95*a - 186*a + c*a + 1. Let w(f) = -f**2 + 3*f + 5. Let v be w(4). Calculate u(v).
10
Let c(b) = -b**3 - 5*b**2 + 2*b + 2. Let t be c(-5). Let m = -29 + 35. Let y = t + m. Let q(o) = 3*o. Calculate q(y).
-6
Let y(c) = c**3 - 8*c**2 + 12*c + 3. Let k be y(6). Suppose -k*x - 3 = -9. Let q(a) = a**3 - x*a - 4 + 6*a**2 - 8*a**2 + 5*a**2 + a**2. Calculate q(-4).
4
Let u(p) = -p**3 + 6*p**2 - 5*p + 1. Let b = 130 - 113. Suppose -53 - 15 = -b*x. What is u(x)?
13
Let a(u) = -u**2 + 16*u**2 + 204 - 183 + u. Let o(z) = -7*z**2 - 10. Let m(c) = 6*a(c) + 13*o(c). What is m(2)?
4
Let u(v) = -v**3 - 7*v**2 + 3*v + 60. Let f be u(-6). Let n(r) = 0 + 0 - 1. Let w(p) = -p + 9. Let x(i) = -6*n(i) - w(i). What is x(f)?
3
Let r(n) = -n**3 - 127 - n**2 - 138 + 3*n + 261. Calculate r(0).
-4
Let k(y) = -19*y**2 + 174*y - 28. Let n = 6891 - 6882. Give k(n).
-1
Let b(t) = -t**2 - 5*t - 12. Let n be 6*(1 + 16/(-18))*-6. Calculate b(n).
-8
Let l be (-609)/(-4669) - 540/(-92). Let f(n) = -2*n**2 + 9*n - 8. Let a(r) = r. Let q(w) = a(w) - f(w). Determine q(l).
32
Let o(s) = 304*s**2 - 9*s + 526. Let j(b) = -669*b**2 + 17*b - 1051. Let u(a) = -5*j(a) - 11*o(a). Determine u(-31).
-4
Let j be 260/30*-3*12. Let m = j - -308. Let h(q) = -2*q**2 - 6*q - 3. Calculate h(m).
-11
Let x = -57 - -87. Let z be (-12)/x - ((-96)/15 + 0). Let f be (0 + z)/3*3/6. Let q(h) = 9*h - 1. Determine q(f).
8
Let y(z) = z**2 + 22*z + 59. Let j be y(-19). Let r(h) = -7 + 1 - h**j - 4748*h + 4761*h. Give r(12).
6
Let t(i) = i**3 - 15*i**2 - 36*i + 35. Let y = -518 + 535. Calculate t(y).
1
Suppose 3*s = 5*j + 8, -3*j - 2*s - 24 = -4. Let l(o) = 0*o + 91 + 4*o - 86 + o**2. Determine l(j).
5
Let d(l) = -11*l**2 + 1. Suppose 4*x = -4*f + 20, x - 16 = 3*f - 11. Suppose -4*w - 2*a = 6 - 18, -x*a + 20 = 0. Determine d(w).
-10
Let z(j) = 0*j + 32 - 16 + j - 39. Let l be (1 + -5)/4 + 16. Calculate z(l).
-8
Let u(p) = -4*p**2 + 6*p - 1. Let a(g) = -9*g**2 + 11*g - 1. Let o(x) = -2*a(x) + 5*u(x). Suppose 0 = 3*h + 6. Let d be (10/(-12))/(h - (-44)/24). Give o(d).
-13
Let i be ((-16)/10)/(74/(-185)). Let b(c) be the third derivative of -c**4/24 - c**3/3 + 8*c**2. What is b(i)?
-6
Suppose -2*c = b - 18, 3*c + c - 4*b - 12 = 0. Suppose c*f = 19*f - 17*f. Let v(u) = -u**2 + u + 20. Calculate v(f).
20
Suppose 0 = -2*t - a - 236, 7*t + 458 = 3*t + 5*a. Let i = 112 + t. Let l(g) = 2*g + g + g + 6 - g. Calculate l(i).
-9
Let l(o) = 4*o + 5. Let j(d) = -5*d + 221 - 115 - 113. Let s(g) = 3*j(g) + 4*l(g). Determine s(-8).
-9
Let n(l) = -6*l**3 + 29*l**2 + 56*l - 5. Let q(g) = -g**3 + 6*g**2 + 11*g - 1. Let y(f) = 2*n(f) - 11*q(f). Calculate y(-7).
15
Let l(k) = 3*k**2 + 3*k - 8. Let q(r) = 6*r**2 + 4*r - 14. Let j(i) = 3*l(i) - 2*q(i). What is j(0)?
4
Let c(n) = n**2 + 12*n + 9. Suppose -61*g = 3*g + 512. Calculate c(g).
-23
Let c(q) = 0*q**2 + 8*q**2 + 2*q**3 + q**3 - 5*q**2 - 4*q**3 + 26 + 6*q. Let y be c(5). Let u(s) = s - 7. What is u(y)?
-1
Let p be (-40 + 23 + 15)*(1 + 1). Let a(z) = -z + 5. Calculate a(p).
9
Let c(x) be the first derivative of -9*x + 2 + 1/2*x**2 + 11/6*x**3. Let l(j) be the first derivative of c(j). Determine l(1).
12
Let c = 3101 + -1670. Let i(f) = -10*f**2 - c*f + f**3 + 1431*f + 4. Let g be 4*5/(-6)*-3. Calculate i(g).
4
Let g(q) = 6 - q - 6*q - 11 - q**2 + 2*q**2. Let c(m) = 6*m - 204. Let i be c(35). What is g(i)?
-11
Suppose 21*s = -368 + 42 - 157. Let o(z) = z**3 + 21*z**2 - 50*z - 72. Give o(s).
20
Let d(h) = -h**3 - 53*h**2 - 4*h - 213. Let y(v) = 44*v**2 - 147*v - 8. Let a be y(3). Give d(a).
-1
Suppose 12 = -4*z - 4*w, 2*w = -5*z - w - 7. Let i be -1 + 3 + 0 - z/1. Let h be 3/(-1) - (i - -1). Let q(u) = 3*u + 4. What is q(h)?
-11
Let i(k) = 222*k - 3101. Let h be i(14). Let d(s) = -4*s**3 + 7*s**2 + 3*s - 5. Let a(r) = -r**3 + r - 1. Let o(x) = -3*a(x) + d(x). Give o(h).
-2
Let h(j) = j**3 - 4*j**2 + 2*j - 6. Let d be h(4). Let t(i) = -4*i + 2 + 5*i + 3*i**2 + i**3 - 5*i**d. Let s be (1 + -7)*(-2)/6. Give t(s).
4
Let o(y) = 3*y**2 + 1 + 83*y + 74*y - 2*y**2 - 159*y. Let q be 20/(-6)*1/(5/(-6)). Suppose 0 = -5*g + 3*g + q. What is o(g)?
1
Let k(y) = 917*y - 916*y - 37 - 3. Give k(36).
-4
Let z(v) = 3*v**3 + 2*v**2 + v + 5. Let h be (8/4)/2*1. Let k(q) = q**3 + q + 1. Let m(g) = h*z(g) - 2*k(g). Give m(-3).
-3
Let v(u) = -5*u - 2. Let k be (12/(-16))/(-3 + 135/48). Suppose 16*n = 15*n + 2, -m + k*n = 11. Give v(m).
13
Let l = -358 + 248. Let z = l - -112. Suppose 2*o = -o + 6, d + z*o = 6. Let u(n) = 2*n**2 - n + 1. Give u(d).
7
Let i(t) be the third derivative of -t**4/8 + 3*t**3 - 26*t**2. Let y(j) = -j + 1. Let x(o) = i(o) - 4*y(o). What is x(-6)?
8
Suppose -29*m - 6683 = 9180. Let d = m - -551. Let p(h) = 10*h + 6. Let s(v) = -7*v - 4. Let l(j) = -5*p(j) - 7*s(j). Give l(d).
-6
Let u(r) = r + 1. Suppose -4*m + 0 = -4*s - 8, -4*m + 8 = 5*s. Let c = 6 + s. Suppose g + 4*g + 24 = 3*a, c = -2*g + 3*a. What is u(g)?
-5
Let s = -15 - -20. Suppose h = -12 